= -58 + 38. Let x = i + 25. What is the remainder when 13 is divided by x?
3
Suppose 2*b = 5*b. Suppose 0 = 4*l - b*l. What is the remainder when (l + 1)*1 - -8 is divided by 4?
1
Let k = -56 - 49. Let w = 118 + k. Calculate the remainder when 141 is divided by w.
11
Let u(b) = 2*b**2 - 9*b + 8. Let n(y) = 3*y**2 - y - 5. Let w be n(-2). What is the remainder when u(w) is divided by 30?
29
What is the remainder when 984 is divided by ((-33)/4)/((-6)/40) + 3?
56
Let d = -9 + 14. Let r = 25 + d. Calculate the remainder when 89 is divided by r.
29
Let u = 0 - 2. Suppose 0 = -5*w + 2*t + 286, 5*w - 17*t - 16 = 240. Calculate the remainder when w is divided by -1 - (-3)/u*-14.
18
Suppose -3 - 3 = -3*m. Suppose -m*f - 6*f = -528. What is the remainder when f is divided by 14?
10
Let h(f) = f**3 - 13*f**2 - f + 10. Let w(n) = -2*n**3 + 25*n**2 + n - 19. Let x(s) = 11*h(s) + 6*w(s). Calculate the remainder when x(5) is divided by 8.
5
Let c be -21*(8/12 + -1). Suppose r + r = 5*o - c, 2*r = -2*o - 28. Let l = -1 - r. What is the remainder when 28 is divided by l?
8
Let c = 13 + 57. Let g = -36 + c. What is the remainder when g is divided by 9?
7
Let a = 25 + -13. Suppose 3*r - a = -0*r. Suppose -u + 81 = r*f, 4*f - 2*u - 28 = 50. Calculate the remainder when f is divided by 7.
6
Let a(v) = 3*v**2 - 6*v - 1. Let o be a(3). Calculate the remainder when 20 is divided by o/6*(-18)/(-4).
2
Let x(c) = 31*c + 12. Let o be x(-4). What is the remainder when ((-4)/1)/(7/o) is divided by 35?
29
Let b = 1485 - 1399. Calculate the remainder when 253 is divided by b.
81
Let b(k) = k**3 - 5*k**2 - 3*k - 2. Let j be b(5). Let n = j + 24. Calculate the remainder when n is divided by (-10)/(-2)*(-2 - 84/(-35)).
1
Let u(d) = -2*d + 1. Let p = -1 + 4. Suppose 1 = -v + 3*s + 8, p*v + 4*s = -31. Calculate the remainder when 19 is divided by u(v).
8
Let s(m) = -47*m - 1. Let b be s(-8). Suppose 10*y - 95 - b = 0. Calculate the remainder when y is divided by 16.
15
Suppose -22 = -2*p + 4*z, 0 = p - 4*p - 3*z + 24. Let h be 1283/7 + -1 + (-24)/84. Suppose -11*o - h = -18*o. What is the remainder when o is divided by p?
8
Let b be (3/(-6))/(2/(-8)). Suppose -5*r = 3*z - 9 + 24, b*r - 5 = z. What is the remainder when (-1 - 23)/(z + 4) is divided by 13?
11
Suppose 0 = 39*t - 35*t - 152. Calculate the remainder when 2735 is divided by t.
37
Let u(w) = -5*w + 12. Let g be (-19)/(0 - (0 + -1)). Calculate the remainder when u(g) is divided by 22.
19
Suppose -2*o - 222 = 3*g - 746, -259 = -o - 3*g. What is the remainder when o is divided by 10?
5
What is the remainder when 51/(16/((-3968)/(-24))) is divided by 53?
50
Let q(p) = p**3 - 10*p**2 - 12*p + 24. Let w = 79 - 68. Suppose 141 = 3*s + 3*x, 5*x = -4*s + 6*x + 203. What is the remainder when s is divided by q(w)?
11
Let c be 8/(-3)*(150/(-4))/(-5). Calculate the remainder when 540/8*c/(-25) is divided by 15.
9
Let o(h) = 48*h + 1. Let x be o(1). Suppose 2*r + 17 = z, 3*z + 0*r - 5*r - x = 0. Suppose 40*y = 43*y - 75. Calculate the remainder when y is divided by z.
12
Let g = 74 + -12. Let o be (-1)/(-2 + 237/117). Let t = 55 + o. Calculate the remainder when g is divided by t.
14
Let m be 6*2*((-18)/(-12) + -1). What is the remainder when ((-11)/m - 1/(-2))*-48 is divided by 11?
9
Suppose -8*c + 22 = -6*c. Let f(t) = -t**2 - 18*t - 27. What is the remainder when f(-8) is divided by c?
9
Let n(g) = g + 6. Let y be n(-3). Let l(f) = -3*f - 1 + 0*f**y - f**3 - 2*f + 3*f - f**2. Calculate the remainder when 66 is divided by l(-3).
20
Suppose -3*h + 14 + 1 = 0. Let i(u) be the third derivative of u**4/4 + u**3/3 - 3*u**2. Calculate the remainder when i(h) is divided by 17.
15
Suppose 875 = -2360*c + 2367*c. Calculate the remainder when c is divided by 26.
21
Suppose 4*h = i - 0*h - 39, 2*i - 93 = 5*h. Suppose 4*x + x - 60 = 5*l, 0 = 2*x + l - 24. What is the remainder when i is divided by x?
11
Let x(u) = -u**2 + 11*u + 1. Calculate the remainder when 3 - ((-4 - -4) + -20) is divided by x(9).
4
Suppose -32*c - 76*c = -972. Suppose 3*z - 72 = -0*z. What is the remainder when z is divided by c?
6
Suppose -10 = z - 3*y - 15, 25 = 5*z + 5*y. Let b(q) = 8*q - 1. What is the remainder when b(2) is divided by z?
0
Suppose 5*w + 45 + 50 = 0. Let l = -29 - w. Calculate the remainder when 10 is divided by (l/5)/((-6)/9).
1
Calculate the remainder when 249 is divided by (-1560)/(-18)*15/20.
54
Let a(o) = -o**2 + 74*o + 51. Calculate the remainder when a(35) is divided by 109.
108
Let a = -308 + 328. Calculate the remainder when 54 is divided by a.
14
Let o = 9 + -2. Suppose -4*w = n + 4, -w - 3 + o = -n. Calculate the remainder when (w - -1)/(9/549) is divided by 21.
19
Let s = -70 + 175. Let c = s - 75. What is the remainder when 89 is divided by c?
29
Let s(j) be the first derivative of 3*j**2/2 + 38*j + 8. What is the remainder when 27 is divided by s(-11)?
2
Let z = 17 + 28. Let p = 56 - z. Calculate the remainder when p is divided by 8.
3
Let y(s) = -s**2 - 23*s + 126. What is the remainder when 159 is divided by y(-27)?
15
Let o(j) = j**3 + 9*j**2 - j - 6. Let q be (-4 + (-156)/(-30))/((-2)/(-555)). What is the remainder when o(-6) is divided by 2 + 11/(-5) + q/15?
20
Suppose 14 = 5*u - 6. Suppose -u*x + 12 = -2*x. What is the remainder when 22 is divided by x?
4
Let q(a) = -2*a**3 - 12*a**2 - 13*a + 2. Let x(k) = -6*k**3 - 37*k**2 - 39*k + 5. Let l(v) = 7*q(v) - 2*x(v). What is the remainder when l(-6) is divided by 53?
48
Suppose l = 4*g, 22*l + 2*g - 54 = 18*l. What is the remainder when 59 is divided by l?
11
Suppose -443 = -5*z + 4*k, 5 = -4*k - 3. Let o = z + -50. Suppose 2*f = 5*f - u - 34, -4*f + 3*u + 37 = 0. Calculate the remainder when o is divided by f.
11
Suppose 2 = z - 6. Let r = z + 11. What is the remainder when (-30)/(-3*2/15) is divided by r?
18
Suppose 0 = -3*n + 3*k - 3, 4*k = -k. Let a be n/((-2)/8 - 0). Suppose a*l - 30 = 30. What is the remainder when l is divided by 4?
3
Suppose 70 = -5*a - b, -a = -3*a - 3*b - 28. Calculate the remainder when (28/(-6))/(1/(-3)) is divided by (-80)/a + 4/14.
2
Let k(z) = -6*z + 23. Calculate the remainder when 92 is divided by k(0).
0
Let o(r) = -62*r**3 - 5*r - 4. What is the remainder when 186 is divided by o(-1)?
60
Let k = -91 + 165. Calculate the remainder when k is divided by 31.
12
Suppose -4*z + 348 + 24 = 0. Let o = -280 - -296. Calculate the remainder when z is divided by o.
13
Let j = 31 - 25. Let r = 16 - j. Calculate the remainder when 29 is divided by r.
9
Let d be (16/12)/2*12. Let r(b) = -5*b + 3. Let c be r(-4). Let h = c - d. Calculate the remainder when h is divided by 4.
3
Let a be -5*((-33)/15 + 0). Suppose 4 = -a*g + 12*g. Calculate the remainder when 18 is divided by g.
2
Let z = -7 - -12. Let g(r) = 34*r**3 - 8*r + 7. Calculate the remainder when g(1) is divided by z.
3
Let f(g) = g**2 + g - 7. Let o be (0 - -4) + (-20)/(-5). Suppose 280 = o*q - 3*q - 5*v, -v + 97 = 2*q. What is the remainder when q is divided by f(-5)?
12
Suppose l + 4 = 0, 295*o = 299*o - 4*l - 112. Calculate the remainder when 743 is divided by o.
23
Suppose -70*a + 66*a + 76 = 0. Calculate the remainder when a is divided by 5.
4
Let f(l) = 18*l**3 + 2*l**2 - 3*l + 1. Let y(m) = m. Let u(v) = f(v) + 2*y(v). Let c = 30 - -8. Calculate the remainder when c is divided by u(1).
18
Let c(q) = q**2 + 2*q + 3. Let g = 11 + -9. Suppose i = 3*j - 29, 3*i = -g*j + 6*i + 24. What is the remainder when j is divided by c(-2)?
0
What is the remainder when 324 is divided by (-2 - (-3 + 5)) + (48 - 3)?
37
Suppose 9*h = 11*h. Suppose -4*w - 14 + 62 = h. Calculate the remainder when 23 is divided by w.
11
Suppose -175 - 89 = -8*x. Suppose -x*p + 31*p + 22 = 0. What is the remainder when 41 is divided by p?
8
Suppose -12*s + 8*s = -4. Calculate the remainder when -6*(s + 30)*(-7)/14 is divided by 47.
46
Suppose -2*c - v + 48 = -5*v, -3*c + 61 = 5*v. Suppose c = j + 4. Calculate the remainder when (21 + -4)/(4/8) is divided by j.
16
What is the remainder when 538 is divided by -1 - (3 - -159*2/(-6))?
48
Let t = 33 + 63. Calculate the remainder when t is divided by 27.
15
Suppose -10*m + 52 = -6*m. Suppose 0*i = -3*i + 15. Suppose 2*q - d = 97, -2*q + i*d + 91 = 2*d. Calculate the remainder when q is d